Let d be (21 - -134) + (-12)/((-9)/3). Let k = -115 + d. Calculate the highest common factor of k and 308.
44
Let i(c) = -12*c**2 - 1321*c + 34. Let n be i(-110). What is the highest common divisor of n and 3856?
16
Let y(c) = 1142*c - 5670. Let z be y(5). What is the highest common divisor of 4460 and z?
20
Suppose 15*q - 27 - 273 = 0. Suppose 0*x - 2*x + 562 = -2*t, -565 = -2*x + 5*t. Calculate the highest common factor of q and x.
20
Suppose -136424 = -168*a + 209152. What is the highest common factor of 85 and a?
17
Let k(c) = -15*c + 4. Let u = -637 + 633. Let g be k(u). Calculate the greatest common divisor of 16 and g.
16
Suppose -7*l + 15*l - 1080 = 0. Suppose -13 + 38 = 5*h. Calculate the highest common divisor of l and h.
5
Let y(a) = 2*a**2 - a - 4. Let u be y(-6). Suppose 9*t + 5*t + 0*t - 2212 - 378 = 0. What is the greatest common divisor of t and u?
37
Let q(d) = 4*d. Let t(h) = 14*h + 35. Let c(a) = -5*q(a) + t(a). Let s be c(3). What is the highest common divisor of 85 and s?
17
Suppose 12*s = 35*s - 46. Suppose f = v - 255, -s*v - f = -v - 249. Suppose -144 = -0*m - 4*m. Calculate the greatest common factor of v and m.
36
Let h be 3*1*-16*(-2)/24. Suppose s + i = 7, 3*s - 19 = -h*i + 5. Let r = 52 - 12. Calculate the highest common divisor of s and r.
4
Suppose 0*v + 4*v - 272 = -l, -v + l = -68. Calculate the highest common divisor of 12 and v.
4
Let m = 11242 - 5712. Calculate the greatest common divisor of m and 700.
70
Suppose 4*l - 30403 = -6*i + 9*i, i = 3*l - 22796. Calculate the highest common divisor of 213 and l.
71
Let g = 4764 + -4584. Calculate the greatest common divisor of g and 285.
15
Suppose -h = -2*r + 144, 3*h + 0*r + 4*r + 432 = 0. Let l = 229 + h. Let y be 40 - ((-18576)/(-2838) + (-12)/22). What is the highest common factor of l and y?
17
Let m(x) = x**3 + 19*x**2 + 6*x - 12. Let g be m(-19). Let b = 129 + g. Let c be -3*5/25 - 48/(-5). Calculate the greatest common divisor of b and c.
3
Let w(i) = 14*i**3 - 8*i**2 + 6*i + 6. Let m be w(7). Suppose -7*b + 1723 = -m. Suppose 5*x + 158 = b. What is the greatest common factor of x and 29?
29
Let d = -1238 - -3013. Calculate the highest common divisor of d and 125.
25
Let l = -84 - -144. Let t(u) = -18*u**2 + 28*u - 50*u - u**3 - 5 - 4 + 4. Let x be t(-17). Calculate the highest common divisor of l and x.
20
Suppose -6 + 6 = 3*a. Suppose 3*p - 486 = -a*p. Let t = p + -135. What is the highest common divisor of t and 3?
3
Suppose 5*t = 2*k + t - 198, 371 = 4*k - 3*t. Let i = k - 21. Calculate the highest common factor of 51 and i.
17
Suppose 5*w + 40 = 7*w. Let g = 8162 - 8107. Calculate the highest common divisor of w and g.
5
Let x = 161 - 149. Suppose 0 = -4*h + h + 15. Suppose -h*v - 5*w = -w - 24, -2*w = -v + 16. What is the highest common divisor of v and x?
4
Let g(p) = 63*p**2 + 1451*p + 80. Let w be g(-23). What is the greatest common factor of 3587 and w?
17
Suppose o - 1 = 4. Let d(z) be the third derivative of -z**4/12 + 11*z**3/6 + 7*z**2 - 3. Let f be d(o). What is the highest common divisor of 11 and f?
1
Let w(t) = 66*t**3 - 6*t**2 - 35*t + 217. Let g be w(5). Calculate the highest common factor of 276 and g.
138
Let j be -5*(-1352 + 14/(84/18)). Calculate the highest common factor of j and 190.
95
Let n = -45 + 55. Suppose -n*h - 305 = -15*h. Calculate the greatest common factor of h and 1.
1
Let i(p) = -48*p - 10. Suppose 136*v + 1 = 135*v. Let j be i(v). What is the highest common divisor of 114 and j?
38
Let v be (4 - 7)/((-4)/(-8)) + 20/1. What is the highest common factor of 1204 and v?
14
Let w(o) = 26*o**3 + 39*o**2 - 140*o + 6. Let h be w(3). Calculate the greatest common factor of 4047 and h.
213
Let p be 4 - -5*((-24)/5)/6. Suppose p = 35*z - 34*z - 120. Calculate the greatest common factor of 90 and z.
30
Let b(y) = 2*y**3 - 22*y**2 + 60*y - 104. Let z be b(16). What is the highest common divisor of z and 2684?
244
Suppose -11*u + 124 = -1152. Calculate the greatest common factor of u and 284.
4
Suppose 0 = 28*r - 105460 - 46916. Calculate the highest common factor of r and 6.
6
Let h(b) be the first derivative of -b**3/3 + 13*b**2/2 - b - 3. Let t be h(8). Let k be (8/3)/(13/t). Calculate the greatest common divisor of 2 and k.
2
Suppose 0 = 2*h - 2*q + 38, -54 = 4*h - 2*q + 20. Let v(t) = t**2 + 15*t - 43. Let c be v(h). What is the highest common divisor of c and 55?
11
Let x(o) = -58*o**3 - o**2 - 47*o - 121. Let q be x(-4). What is the greatest common factor of q and 53?
53
Let b be (-925 - -1 - 0)*(-26)/26. Calculate the highest common factor of 528 and b.
132
Let m be 3/5 - -10310*2/50. What is the greatest common factor of 177 and m?
59
Suppose 7*m + 270 = -11*m. Let h(c) = -c**2 - 24*c + 65. Let o be h(m). What is the greatest common divisor of 40 and o?
40
Let f be 19/(-4)*(-11 + 7). Let m(b) = 6*b + 21. Let h be m(f). What is the highest common factor of 15 and h?
15
Suppose -90 = 13*f - 19*f. Let q = 17 - f. Let m be 148/18 + (4/(-9))/q. Calculate the highest common factor of 64 and m.
8
Let o(j) = j**2 - 26*j - 90. Let m be o(-9). Let p(l) = -l + 75. Let i be p(0). Suppose 0 = -3*k - 0*k + i. Calculate the highest common divisor of k and m.
25
Suppose -12*x = -23*x + 1529. Suppose -5*l = 79 - x. Suppose -5*m + 9 = -4*b, 2*b - 6*m + 17 = -m. What is the highest common divisor of b and l?
4
Let x be (1 + 4 - -11)*(-2)/(-8). Let d be (212/20 - x/(-10))*2. What is the highest common divisor of 44 and d?
22
Suppose -a + 0*a = -34. Let d be -4*(3570/(-24) + 4). Suppose d = 13*l + 137. Calculate the greatest common factor of a and l.
34
Let v be (-15)/(-2)*42/15. Suppose -3*p + 14 = w - 36, -5*w + 185 = 2*p. Calculate the highest common divisor of w and v.
7
Let q(l) = -l**3 - 7*l**2 + 13*l + 72. Let n be q(-8). Calculate the greatest common factor of 3616 and n.
32
Let p be (-3 + 4)*(-7 - -1 - -565). What is the greatest common factor of 43 and p?
43
Suppose 0 = 4*i + 4, -3*z + i + 15 = -16. Suppose -6 = -z*x + 34. What is the greatest common factor of x and 44?
4
Let t be (-5)/25*5*-51. Suppose b - 119 - t = 0. Calculate the greatest common divisor of 20 and b.
10
Let l = 1576 - 1387. What is the highest common divisor of l and 2331?
63
Let x = 9101 + -8976. What is the highest common factor of x and 8875?
125
Let u(c) = 175*c**3 + 2*c**2 - 1. Let s be u(1). Let o = -123486 - -123502. Calculate the greatest common divisor of s and o.
16
Let w(h) = 434*h + 15534. Let t be w(42). What is the greatest common factor of t and 51?
51
Let d = 22 - 17. Suppose 31 = d*g - 54. Let q = 2484 + -2433. Calculate the highest common factor of q and g.
17
Let t = 45 + -39. Let p be (t/4 + -2)*-612. Suppose -3*m = 5*s - 246, -189 = -4*s + 3*m + 24. What is the highest common divisor of p and s?
51
Let l = -43 + 14. Let p be 2/9 + 6460/171. Let q = p + l. What is the highest common factor of 6 and q?
3
Suppose 4*m + 0*m + 2*m = 35160. What is the highest common divisor of m and 20?
20
Let q = 9031 - 9030. What is the highest common divisor of q and 41?
1
Let l(y) = y**3 - 6*y**2 + 8*y + 4. Let w be l(4). Suppose -4*i + 52 = 2*b, -w*i - b = -8 - 46. What is the highest common factor of 70 and i?
14
Suppose -3*p + 19 = 1. Suppose 540 = 4*m + p*m. Suppose 10 = -2*y + m. What is the greatest common factor of 110 and y?
22
Suppose 39 = 119*c - 118*c. Suppose -4*g - 4*j = 44, 0*g + 2*j = g + 5. Let s = g + c. Calculate the highest common factor of s and 20.
10
Let v = 3096 - 3093. Let d(q) = -3*q. Let r be d(-1). Suppose -s = -w + v*s - 9, r*w - 3*s = 18. Calculate the greatest common factor of 88 and w.
11
Let g(b) = b**3 + 4*b**2 + 6*b + 8. Let q be 6/(-1) - 3/(-1). Let z be g(q). Let u be ((-2)/12)/(z/78). Calculate the greatest common factor of 91 and u.
13
Let d be -10 - ((-8)/60 - (-3161761)/(-555)). What is the highest common divisor of d and 94?
47
Suppose -1730*c + 1736*c = 2112. Calculate the greatest common factor of 242 and c.
22
Suppose 34*t - 16*t - 8136 = 0. Suppose -30*o = t - 4772. Calculate the highest common factor of o and 54.
18
Let a(o) = 207*o - 82. Let d be a(4). Let r = d + -732. Calculate the highest common factor of 119 and r.
7
Suppose p + 2*d - 2 = 0, -10*p + 6 = -7*p - 4*d. Let k be 53 + 5/(8 + -7). Calculate the